{"id":5358,"date":"2021-11-17T17:27:14","date_gmt":"2021-11-17T17:27:14","guid":{"rendered":"https:\/\/aeestesc.net\/descobrecoimbra\/?post_type=place&#038;p=5358"},"modified":"2021-11-22T11:45:10","modified_gmt":"2021-11-22T11:45:10","slug":"pensao-santa-cruz","status":"publish","type":"place","link":"https:\/\/aeestesc.net\/descobrecoimbra\/place\/pensao-santa-cruz\/","title":{"rendered":"Pens\u00e3o Santa Cruz"},"content":{"rendered":"<p data-ga-id=\"property\">A Pens\u00e3o Santa Cruz est\u00e1 localizada no cora\u00e7\u00e3o da cidade de Coimbra, e \u00e9 um neg\u00f3cio familiar que tem tido na sua ger\u00eancia tr\u00eas gera\u00e7\u00f5es da fam\u00edlia Duarte .Os nossos clientes s\u00e3o tratados com o carinho familiar que h\u00e1 muitos anos dispensamos aos nossos clientes. Dispomos de quartos com casa de banho privativa e quartos com lavat\u00f3rio e bid\u00e9 onde a casa de banho \u00e9 partilhada.<\/p>\n<p data-ga-id=\"neighbourhood\">Situada no centro hist\u00f3rico da cidade, Mosteiro de Santa Cruz\/Igreja e Pante\u00e3o Nacional &#8211; Santa Cruz de Coimbra tornou-se uma importante escola medieval, formando intelectuais e pessoas ligadas ao poder pol\u00edtico e actuando como apoio da nova dinastia. D. Afonso Henriques (fundador do pa\u00eds) foi figura sempre presente na vida do mosteiro, e acabaria por escolher este espa\u00e7o como local de sepultamento, \u00e0 semelhan\u00e7a do que faria alguns anos depois o filho, D. Sancho I.<\/p>\n<p data-ga-id=\"neighbourhood\">Situada num zona denominada &#8220;Baixa de Coimbra&#8221; e ladeada por ruas estreitas onde outrora o comercia florescia, hoje ainda \u00e9 uma zona comercial e de restaura\u00e7\u00e3o, onde se podem encontrar passear e comprar as sempre bonitas recorda\u00e7\u00f5es da cidade dos &#8220;estudantes&#8221;. &#8211; Na baixa da cidade \u00e9 uma boa \u00e1rea de anima\u00e7\u00e3o cultural onde o fado se pode escutar no &#8220;Caf\u00e9 Santa Cruz&#8221;, no &#8220;Fado ao Centro&#8221; junto do Arco de Almedina , na &#8220;Capella&#8221; e em mais alguns locais, com um pouco de sorte pode ainda encontrar alguma tuna (grupo de estudantes que cantam) e fado na rua.<\/p>\n<div><b>Check-in:<\/b> de 14:30 at\u00e9 23:30<\/div>\n<div><b>Check-out:<\/b>\u00a0das 8:00 at\u00e9 12:00<\/div>\n","protected":false},"excerpt":{"rendered":"<p>A Pens\u00e3o Santa Cruz est\u00e1 localizada no cora\u00e7\u00e3o da cidade de Coimbra, e \u00e9 um neg\u00f3cio familiar que tem tido na sua ger\u00eancia tr\u00eas gera\u00e7\u00f5es da fam\u00edlia Duarte .Os nossos clientes s\u00e3o tratados com o carinho familiar que h\u00e1 muitos anos dispensamos aos nossos clientes. Dispomos de quartos com casa de banho privativa e quartos [&hellip;]<\/p>\n","protected":false},"author":2,"featured_media":5362,"menu_order":0,"comment_status":"closed","ping_status":"closed","template":"","place-type":[201],"place-categories":[199],"place-amenities":[192,154],"place-city":[147],"featured_media_url":"https:\/\/aeestesc.net\/descobrecoimbra\/wp-content\/uploads\/2021\/11\/santaCruz.jpg","golo-place_price_short":"","golo-place_price_unit":"m","golo-place_price_range":"2","golo-place_booking_type":"","golo-place_booking":"","golo-place_booking_site":"","golo-place_booking_banner":{"id":"0","url":""},"golo-place_booking_banner_url":"","golo-place_booking_form":"9","golo-place_phone":"+351 239 826 197","golo-place_phone2":"","golo-place_email":"pensaosantacruz@gmail.com","golo-place_website":"http:\/\/www.pensaosantacruz.com","golo-place_identity":"5358","golo-place_facebook":"","golo-place_instagram":"","golo-place_twitter":"","golo-additional_detail":"1","golo-additional_detail_icon":[""],"golo-additional_detail_url":[""],"golo-opening_monday":"Segunda","golo-opening_monday_time":"","golo-opening_tuesday":"Ter\u00e7a","golo-opening_tuesday_time":"","golo-opening_wednesday":"Quarta","golo-opening_wednesday_time":"","golo-opening_thursday":"Quinta","golo-opening_thursday_time":"","golo-opening_friday":"Sexta","golo-opening_friday_time":"","golo-opening_saturday":"Saturday","golo-opening_saturday_time":"","golo-opening_sunday":"Domingo","golo-opening_sunday_time":"","golo-yelp_review":"1","golo-yelp_review_title":[""],"golo-yelp_review_type":[""],"golo-place_views_count":"190","golo-menu_enable":"0","golo-menu_types":"1","golo-menu_types_name":[""],"golo-menu_tab":[{"golo-menu_title":"","golo-menu_price":"","golo-menu_description":"","golo-menu_image":{"id":"0","url":""},"golo-menu_item_type":""}],"golo-place_address":"Pra\u00e7a 8 de Maio 21","golo-place_zip":"3000-300 Coimbra","golo-place_location":{"location":"40.210992565576916,-8.42937558889389","address":""},"golo-place_featured":"0","golo-place_logged":"0","golo-place_images":["https:\/\/aeestesc.net\/descobrecoimbra\/wp-content\/uploads\/2021\/11\/5-scaled.jpg","https:\/\/aeestesc.net\/descobrecoimbra\/wp-content\/uploads\/2021\/11\/4-scaled.jpg","https:\/\/aeestesc.net\/descobrecoimbra\/wp-content\/uploads\/2021\/11\/3-scaled.jpg"],"golo-place_video_url":"","golo-place_video_image":"","golo-faqs_enable":"0","golo-faqs_tab":[{"golo-faqs_title":"","golo-faqs_description":""}],"golo-booking_item_name":"","golo-booking_item_id":"","golo-booking_item_author":"","golo-booking_adults":"","golo-booking_childrens":"","golo-booking_date":"","golo-booking_time":"","golo-package_free":"","golo-package_price":"","golo-package_unlimited_time":"","golo-package_time_unit":"","golo-package_period":"","golo-package_unlimited_listing":"","golo-package_number_listings":"","golo-package_number_featured":"","golo-package_order_display":"","golo-package_featured":"","golo-package_visible":"","golo-place_rating":"","golo-review_count":0,"_links":{"self":[{"href":"https:\/\/aeestesc.net\/descobrecoimbra\/wp-json\/wp\/v2\/place\/5358"}],"collection":[{"href":"https:\/\/aeestesc.net\/descobrecoimbra\/wp-json\/wp\/v2\/place"}],"about":[{"href":"https:\/\/aeestesc.net\/descobrecoimbra\/wp-json\/wp\/v2\/types\/place"}],"author":[{"embeddable":true,"href":"https:\/\/aeestesc.net\/descobrecoimbra\/wp-json\/wp\/v2\/users\/2"}],"replies":[{"embeddable":true,"href":"https:\/\/aeestesc.net\/descobrecoimbra\/wp-json\/wp\/v2\/comments?post=5358"}],"version-history":[{"count":3,"href":"https:\/\/aeestesc.net\/descobrecoimbra\/wp-json\/wp\/v2\/place\/5358\/revisions"}],"predecessor-version":[{"id":5398,"href":"https:\/\/aeestesc.net\/descobrecoimbra\/wp-json\/wp\/v2\/place\/5358\/revisions\/5398"}],"wp:featuredmedia":[{"embeddable":true,"href":"https:\/\/aeestesc.net\/descobrecoimbra\/wp-json\/wp\/v2\/media\/5362"}],"wp:attachment":[{"href":"https:\/\/aeestesc.net\/descobrecoimbra\/wp-json\/wp\/v2\/media?parent=5358"}],"wp:term":[{"taxonomy":"place-type","embeddable":true,"href":"https:\/\/aeestesc.net\/descobrecoimbra\/wp-json\/wp\/v2\/place-type?post=5358"},{"taxonomy":"place-categories","embeddable":true,"href":"https:\/\/aeestesc.net\/descobrecoimbra\/wp-json\/wp\/v2\/place-categories?post=5358"},{"taxonomy":"place-amenities","embeddable":true,"href":"https:\/\/aeestesc.net\/descobrecoimbra\/wp-json\/wp\/v2\/place-amenities?post=5358"},{"taxonomy":"place-city","embeddable":true,"href":"https:\/\/aeestesc.net\/descobrecoimbra\/wp-json\/wp\/v2\/place-city?post=5358"}],"curies":[{"name":"wp","href":"https:\/\/api.w.org\/{rel}","templated":true}]}}

Pensão Santa Cruz

<p data-ga-id="property">A Pensão Santa Cruz está localizada no coração da cidade de Coimbra, e é um negócio familiar que tem tido na sua gerência três gerações da família Duarte .Os nossos clientes são tratados com o carinho familiar que há muitos anos dispensamos aos nossos clientes. Dispomos de quartos com casa de banho privativa e quartos com lavatório e bidé onde a casa de banho é partilhada.</p>
<p data-ga-id="neighbourhood">Situada no centro histórico da cidade, Mosteiro de Santa Cruz/Igreja e Panteão Nacional &#8211; Santa Cruz de Coimbra tornou-se uma importante escola medieval, formando intelectuais e pessoas ligadas ao poder político e actuando como apoio da nova dinastia. D. Afonso Henriques (fundador do país) foi figura sempre presente na vida do mosteiro, e acabaria por escolher este espaço como local de sepultamento, à semelhança do que faria alguns anos depois o filho, D. Sancho I.</p>
<p data-ga-id="neighbourhood">Situada num zona denominada &#8220;Baixa de Coimbra&#8221; e ladeada por ruas estreitas onde outrora o comercia florescia, hoje ainda é uma zona comercial e de restauração, onde se podem encontrar passear e comprar as sempre bonitas recordações da cidade dos &#8220;estudantes&#8221;. &#8211; Na baixa da cidade é uma boa área de animação cultural onde o fado se pode escutar no &#8220;Café Santa Cruz&#8221;, no &#8220;Fado ao Centro&#8221; junto do Arco de Almedina , na &#8220;Capella&#8221; e em mais alguns locais, com um pouco de sorte pode ainda encontrar alguma tuna (grupo de estudantes que cantam) e fado na rua.</p>
<div><b>Check-in:</b> de 14:30 até 23:30</div>
<div><b>Check-out:</b> das 8:00 até 12:00</div>

<p>A Pensão Santa Cruz está localizada no coração da cidade de Coimbra, e é um negócio familiar que tem tido na sua gerência três gerações da família Duarte .Os nossos clientes são tratados com o carinho familiar que há muitos anos dispensamos aos nossos clientes. Dispomos de quartos com casa de banho privativa e quartos [&hellip;]</p>

Terça

Praça 8 de Maio 21
