{"id":5525,"date":"2021-11-22T15:43:49","date_gmt":"2021-11-22T15:43:49","guid":{"rendered":"https:\/\/aeestesc.net\/descobrecoimbra\/?post_type=place&#038;p=5525"},"modified":"2021-11-22T15:57:01","modified_gmt":"2021-11-22T15:57:01","slug":"casa-da-baixa-downtown-house","status":"publish","type":"place","link":"https:\/\/aeestesc.net\/descobrecoimbra\/place\/casa-da-baixa-downtown-house\/","title":{"rendered":"Casa da Baixa &#8211; Downtown house"},"content":{"rendered":"<p>A Casa da Baixa situa-se no centro da zona hist\u00f3rica, na principal rua pedonal de tra\u00e7a medieval de Coimbra, que faz a liga\u00e7\u00e3o entre o Largo do Portagem e a Rua Visconde da Luz.<\/p>\n<p>Numa casa de origem medieval a Casa da Baixa \u00e9 composta por 11 alojamentos dotados de WC privativo, ar condicionado, kitchenette, televis\u00e3o com 300 canais, telefone.<\/p>\n<p>Alguns dos alojamentos t\u00eam varanda com vista para a zona hist\u00f3rica e rio.<\/p>\n<p>Ao redor da Casa da Baixa temos os principais monumentos da cidade.<\/p>\n<p>&nbsp;<\/p>\n<p><b>Check-in:<\/b> de 15:00 at\u00e9 22:00<\/p>\n<div><b>Check-out:<\/b>\u00a0at\u00e9 12:00<\/div>\n","protected":false},"excerpt":{"rendered":"<p>A Casa da Baixa situa-se no centro da zona hist\u00f3rica, na principal rua pedonal de tra\u00e7a medieval de Coimbra, que faz a liga\u00e7\u00e3o entre o Largo do Portagem e a Rua Visconde da Luz. Numa casa de origem medieval a Casa da Baixa \u00e9 composta por 11 alojamentos dotados de WC privativo, ar condicionado, kitchenette, [&hellip;]<\/p>\n","protected":false},"author":2,"featured_media":5533,"menu_order":0,"comment_status":"closed","ping_status":"closed","template":"","place-type":[204],"place-categories":[199],"place-amenities":[116,127,187,144,154],"place-city":[147],"featured_media_url":"https:\/\/aeestesc.net\/descobrecoimbra\/wp-content\/uploads\/2021\/11\/194879835.jpg","golo-place_price_short":"","golo-place_price_unit":"m","golo-place_price_range":"3","golo-place_booking_type":"link","golo-place_booking":"","golo-place_booking_site":"","golo-place_booking_banner":{"id":"0","url":""},"golo-place_booking_banner_url":"","golo-place_booking_form":"9","golo-place_phone":"+351 239 006 919","golo-place_phone2":"+351 914 411 128","golo-place_email":"geral@casadabaixacoimbra.com","golo-place_website":"https:\/\/www.casadabaixacoimbra.com","golo-place_identity":"5525","golo-place_facebook":"","golo-place_instagram":"","golo-place_twitter":"","golo-additional_detail":"1","golo-additional_detail_icon":[""],"golo-additional_detail_url":[""],"golo-opening_monday":"Segunda","golo-opening_monday_time":"","golo-opening_tuesday":"Ter\u00e7a","golo-opening_tuesday_time":"","golo-opening_wednesday":"Quarta","golo-opening_wednesday_time":"","golo-opening_thursday":"Quinta","golo-opening_thursday_time":"","golo-opening_friday":"Sexta","golo-opening_friday_time":"","golo-opening_saturday":"Saturday","golo-opening_saturday_time":"","golo-opening_sunday":"Domingo","golo-opening_sunday_time":"","golo-yelp_review":"1","golo-yelp_review_title":[""],"golo-yelp_review_type":[""],"golo-place_views_count":"189","golo-menu_enable":"0","golo-menu_types":"1","golo-menu_types_name":[""],"golo-menu_tab":[{"golo-menu_title":"","golo-menu_price":"","golo-menu_description":"","golo-menu_image":{"id":"0","url":""},"golo-menu_item_type":""}],"golo-place_address":"Rua Ferreira Borges n\u00ba145","golo-place_zip":"Coimbra 3000-180","golo-place_location":{"location":"40.208153755463634,-8.429115596577494","address":""},"golo-place_featured":"0","golo-place_logged":"0","golo-place_images":["https:\/\/aeestesc.net\/descobrecoimbra\/wp-content\/uploads\/2021\/11\/194879611.jpg","https:\/\/aeestesc.net\/descobrecoimbra\/wp-content\/uploads\/2021\/11\/194879654.jpg","https:\/\/aeestesc.net\/descobrecoimbra\/wp-content\/uploads\/2021\/11\/194879719.jpg","https:\/\/aeestesc.net\/descobrecoimbra\/wp-content\/uploads\/2021\/11\/194879752.jpg","https:\/\/aeestesc.net\/descobrecoimbra\/wp-content\/uploads\/2021\/11\/194879812.jpg","https:\/\/aeestesc.net\/descobrecoimbra\/wp-content\/uploads\/2021\/11\/194879816.jpg","https:\/\/aeestesc.net\/descobrecoimbra\/wp-content\/uploads\/2021\/11\/194879835.jpg","https:\/\/aeestesc.net\/descobrecoimbra\/wp-content\/uploads\/2021\/11\/194879852.jpg","https:\/\/aeestesc.net\/descobrecoimbra\/wp-content\/uploads\/2021\/11\/194879864.jpg","https:\/\/aeestesc.net\/descobrecoimbra\/wp-content\/uploads\/2021\/11\/194981856.jpg","https:\/\/aeestesc.net\/descobrecoimbra\/wp-content\/uploads\/2021\/11\/194981918.jpg","https:\/\/aeestesc.net\/descobrecoimbra\/wp-content\/uploads\/2021\/11\/194981955.jpg","https:\/\/aeestesc.net\/descobrecoimbra\/wp-content\/uploads\/2021\/11\/194983338.jpg","https:\/\/aeestesc.net\/descobrecoimbra\/wp-content\/uploads\/2021\/11\/195536048.jpg","https:\/\/aeestesc.net\/descobrecoimbra\/wp-content\/uploads\/2021\/11\/299816766.jpg"],"golo-place_video_url":"","golo-place_video_image":"","golo-faqs_enable":"0","golo-faqs_tab":[{"golo-faqs_title":"","golo-faqs_description":""}],"golo-booking_item_name":"","golo-booking_item_id":"","golo-booking_item_author":"","golo-booking_adults":"","golo-booking_childrens":"","golo-booking_date":"","golo-booking_time":"","golo-package_free":"","golo-package_price":"","golo-package_unlimited_time":"","golo-package_time_unit":"","golo-package_period":"","golo-package_unlimited_listing":"","golo-package_number_listings":"","golo-package_number_featured":"","golo-package_order_display":"","golo-package_featured":"","golo-package_visible":"","golo-place_rating":"","golo-review_count":0,"_links":{"self":[{"href":"https:\/\/aeestesc.net\/descobrecoimbra\/wp-json\/wp\/v2\/place\/5525"}],"collection":[{"href":"https:\/\/aeestesc.net\/descobrecoimbra\/wp-json\/wp\/v2\/place"}],"about":[{"href":"https:\/\/aeestesc.net\/descobrecoimbra\/wp-json\/wp\/v2\/types\/place"}],"author":[{"embeddable":true,"href":"https:\/\/aeestesc.net\/descobrecoimbra\/wp-json\/wp\/v2\/users\/2"}],"replies":[{"embeddable":true,"href":"https:\/\/aeestesc.net\/descobrecoimbra\/wp-json\/wp\/v2\/comments?post=5525"}],"version-history":[{"count":1,"href":"https:\/\/aeestesc.net\/descobrecoimbra\/wp-json\/wp\/v2\/place\/5525\/revisions"}],"predecessor-version":[{"id":5526,"href":"https:\/\/aeestesc.net\/descobrecoimbra\/wp-json\/wp\/v2\/place\/5525\/revisions\/5526"}],"wp:featuredmedia":[{"embeddable":true,"href":"https:\/\/aeestesc.net\/descobrecoimbra\/wp-json\/wp\/v2\/media\/5533"}],"wp:attachment":[{"href":"https:\/\/aeestesc.net\/descobrecoimbra\/wp-json\/wp\/v2\/media?parent=5525"}],"wp:term":[{"taxonomy":"place-type","embeddable":true,"href":"https:\/\/aeestesc.net\/descobrecoimbra\/wp-json\/wp\/v2\/place-type?post=5525"},{"taxonomy":"place-categories","embeddable":true,"href":"https:\/\/aeestesc.net\/descobrecoimbra\/wp-json\/wp\/v2\/place-categories?post=5525"},{"taxonomy":"place-amenities","embeddable":true,"href":"https:\/\/aeestesc.net\/descobrecoimbra\/wp-json\/wp\/v2\/place-amenities?post=5525"},{"taxonomy":"place-city","embeddable":true,"href":"https:\/\/aeestesc.net\/descobrecoimbra\/wp-json\/wp\/v2\/place-city?post=5525"}],"curies":[{"name":"wp","href":"https:\/\/api.w.org\/{rel}","templated":true}]}}

<p>A Casa da Baixa situa-se no centro da zona histórica, na principal rua pedonal de traça medieval de Coimbra, que faz a ligação entre o Largo do Portagem e a Rua Visconde da Luz.</p>
<p>Numa casa de origem medieval a Casa da Baixa é composta por 11 alojamentos dotados de WC privativo, ar condicionado, kitchenette, televisão com 300 canais, telefone.</p>
<p>Alguns dos alojamentos têm varanda com vista para a zona histórica e rio.</p>
<p>Ao redor da Casa da Baixa temos os principais monumentos da cidade.</p>
<p>&nbsp;</p>
<p><b>Check-in:</b> de 15:00 até 22:00</p>
<div><b>Check-out:</b> até 12:00</div>

<p>A Casa da Baixa situa-se no centro da zona histórica, na principal rua pedonal de traça medieval de Coimbra, que faz a ligação entre o Largo do Portagem e a Rua Visconde da Luz. Numa casa de origem medieval a Casa da Baixa é composta por 11 alojamentos dotados de WC privativo, ar condicionado, kitchenette, [&hellip;]</p>

Terça

Rua Ferreira Borges nº145
